{"id":28,"date":"2018-03-12T20:21:18","date_gmt":"2018-03-12T20:21:18","guid":{"rendered":"http:\/\/jessys-pflegedienst.de\/?page_id=28"},"modified":"2018-03-12T20:25:57","modified_gmt":"2018-03-12T20:25:57","slug":"unsere-leistungen","status":"publish","type":"page","link":"https:\/\/jessys-pflegedienst.de\/?page_id=28","title":{"rendered":"Unsere Leistungen"},"content":{"rendered":"<p>Wir arbeiten eng mit unseren Kunden, deren Angeh\u00f6rigen und ggf. Betreuern zusammen und stimmen unser Angebot individuell auf Ihre Bed\u00fcrfnisse ab.<br \/>\nUnser examiniertes Fachpersonal dokumentiert dabei zuverl\u00e4ssig, alle geplanten und durchgef\u00fchrten Pflegedienstleistungen und holt regelm\u00e4\u00dfig Ihre R\u00fcckmeldungen dazu ein.<br \/>\nZudem bestehen wir auf eine regelm\u00e4\u00dfige Befragung, ob anonym oder namentlich h\u00e4ngt von jedem selbst ab. Dieses soll dazu dienen die Zufriedenheit, Verbesserungsvorschl\u00e4ge oder auch Kritiken zu erhalten, reflektieren und diese bearbeiten zu k\u00f6nnen.<br \/>\nEgal welche Vereinbarungen und Daten wir mit Ihnen besprechen unterliegen selbstverst\u00e4ndlich der Schweigepflicht und bleibt somit unter Ihnen und Uns. Es wird nur bei dringendem Bedarf, wie z.B. mit Ihrem Arzt aufgehoben, um Behandlungen abzustimmen.<\/p>\n<p style=\"text-align: center;\"><img loading=\"lazy\" class=\"alignnone size-medium wp-image-37\" src=\"https:\/\/jessys-pflegedienst.de\/wp-content\/uploads\/2018\/03\/IMG-20140603-WA0024_1-225x300.jpg\" alt=\"\" width=\"225\" height=\"300\" srcset=\"https:\/\/jessys-pflegedienst.de\/wp-content\/uploads\/2018\/03\/IMG-20140603-WA0024_1-225x300.jpg 225w, https:\/\/jessys-pflegedienst.de\/wp-content\/uploads\/2018\/03\/IMG-20140603-WA0024_1-520x693.jpg 520w, https:\/\/jessys-pflegedienst.de\/wp-content\/uploads\/2018\/03\/IMG-20140603-WA0024_1.jpg 600w\" sizes=\"(max-width: 225px) 100vw, 225px\" \/> <img loading=\"lazy\" class=\"alignnone size-medium wp-image-36\" src=\"https:\/\/jessys-pflegedienst.de\/wp-content\/uploads\/2018\/03\/24581061_1999990623594345_485450051_n-1-169x300.jpg\" alt=\"\" width=\"169\" height=\"300\" srcset=\"https:\/\/jessys-pflegedienst.de\/wp-content\/uploads\/2018\/03\/24581061_1999990623594345_485450051_n-1-169x300.jpg 169w, https:\/\/jessys-pflegedienst.de\/wp-content\/uploads\/2018\/03\/24581061_1999990623594345_485450051_n-1.jpg 280w\" sizes=\"(max-width: 169px) 100vw, 169px\" \/><\/p>\n<p>&nbsp;<\/p>\n<p style=\"text-align: center;\">\n","protected":false},"excerpt":{"rendered":"<p>Wir arbeiten eng mit unseren Kunden, deren Angeh\u00f6rigen und ggf. Betreuern zusammen und stimmen unser Angebot individuell auf Ihre Bed\u00fcrfnisse ab. Unser examiniertes Fachpersonal dokumentiert dabei zuverl\u00e4ssig, alle geplanten und durchgef\u00fchrten Pflegedienstleistungen und holt regelm\u00e4\u00dfig Ihre R\u00fcckmeldungen dazu ein. Zudem bestehen wir auf eine regelm\u00e4\u00dfige Befragung, ob anonym oder namentlich [&hellip;]<\/p>\n","protected":false},"author":2,"featured_media":0,"parent":0,"menu_order":0,"comment_status":"closed","ping_status":"closed","template":"","meta":[],"_links":{"self":[{"href":"https:\/\/jessys-pflegedienst.de\/index.php?rest_route=\/wp\/v2\/pages\/28"}],"collection":[{"href":"https:\/\/jessys-pflegedienst.de\/index.php?rest_route=\/wp\/v2\/pages"}],"about":[{"href":"https:\/\/jessys-pflegedienst.de\/index.php?rest_route=\/wp\/v2\/types\/page"}],"author":[{"embeddable":true,"href":"https:\/\/jessys-pflegedienst.de\/index.php?rest_route=\/wp\/v2\/users\/2"}],"replies":[{"embeddable":true,"href":"https:\/\/jessys-pflegedienst.de\/index.php?rest_route=%2Fwp%2Fv2%2Fcomments&post=28"}],"version-history":[{"count":2,"href":"https:\/\/jessys-pflegedienst.de\/index.php?rest_route=\/wp\/v2\/pages\/28\/revisions"}],"predecessor-version":[{"id":39,"href":"https:\/\/jessys-pflegedienst.de\/index.php?rest_route=\/wp\/v2\/pages\/28\/revisions\/39"}],"wp:attachment":[{"href":"https:\/\/jessys-pflegedienst.de\/index.php?rest_route=%2Fwp%2Fv2%2Fmedia&parent=28"}],"curies":[{"name":"wp","href":"https:\/\/api.w.org\/{rel}","templated":true}]}}

<p>Wir arbeiten eng mit unseren Kunden, deren Angehörigen und ggf. Betreuern zusammen und stimmen unser Angebot individuell auf Ihre Bedürfnisse ab.<br />
Unser examiniertes Fachpersonal dokumentiert dabei zuverlässig, alle geplanten und durchgeführten Pflegedienstleistungen und holt regelmäßig Ihre Rückmeldungen dazu ein.<br />
Zudem bestehen wir auf eine regelmäßige Befragung, ob anonym oder namentlich hängt von jedem selbst ab. Dieses soll dazu dienen die Zufriedenheit, Verbesserungsvorschläge oder auch Kritiken zu erhalten, reflektieren und diese bearbeiten zu können.<br />
Egal welche Vereinbarungen und Daten wir mit Ihnen besprechen unterliegen selbstverständlich der Schweigepflicht und bleibt somit unter Ihnen und Uns. Es wird nur bei dringendem Bedarf, wie z.B. mit Ihrem Arzt aufgehoben, um Behandlungen abzustimmen.</p>
<p style="text-align: center;"><img loading="lazy" class="alignnone size-medium wp-image-37" src="https://jessys-pflegedienst.de/wp-content/uploads/2018/03/IMG-20140603-WA0024_1-225x300.jpg" alt="" width="225" height="300" srcset="https://jessys-pflegedienst.de/wp-content/uploads/2018/03/IMG-20140603-WA0024_1-225x300.jpg 225w, https://jessys-pflegedienst.de/wp-content/uploads/2018/03/IMG-20140603-WA0024_1-520x693.jpg 520w, https://jessys-pflegedienst.de/wp-content/uploads/2018/03/IMG-20140603-WA0024_1.jpg 600w" sizes="(max-width: 225px) 100vw, 225px" /> <img loading="lazy" class="alignnone size-medium wp-image-36" src="https://jessys-pflegedienst.de/wp-content/uploads/2018/03/24581061_1999990623594345_485450051_n-1-169x300.jpg" alt="" width="169" height="300" srcset="https://jessys-pflegedienst.de/wp-content/uploads/2018/03/24581061_1999990623594345_485450051_n-1-169x300.jpg 169w, https://jessys-pflegedienst.de/wp-content/uploads/2018/03/24581061_1999990623594345_485450051_n-1.jpg 280w" sizes="(max-width: 169px) 100vw, 169px" /></p>
<p>&nbsp;</p>
<p style="text-align: center;">

<p>Wir arbeiten eng mit unseren Kunden, deren Angehörigen und ggf. Betreuern zusammen und stimmen unser Angebot individuell auf Ihre Bedürfnisse ab. Unser examiniertes Fachpersonal dokumentiert dabei zuverlässig, alle geplanten und durchgeführten Pflegedienstleistungen und holt regelmäßig Ihre Rückmeldungen dazu ein. Zudem bestehen wir auf eine regelmäßige Befragung, ob anonym oder namentlich [&hellip;]</p>
