{"id":8,"date":"2018-03-12T20:01:44","date_gmt":"2018-03-12T20:01:44","guid":{"rendered":"http:\/\/jessys-pflegedienst.de\/?page_id=8"},"modified":"2019-12-18T18:23:09","modified_gmt":"2019-12-18T18:23:09","slug":"ueber-uns","status":"publish","type":"page","link":"https:\/\/jessys-pflegedienst.de\/?page_id=8","title":{"rendered":"\u00dcber Uns"},"content":{"rendered":"<p>Wir arbeiten eng mit unseren Kunden zusammen und stimmen unser Angebot individuell auf Ihre Bed\u00fcrfnisse ab.<br \/>\nUnser examiniertes Fachpersonal dokumentiert dabei zuverl\u00e4ssig alle geplanten und durchgef\u00fchrten Pflegedienstleistungen und holt regelm\u00e4\u00dfig Ihre R\u00fcckmeldungen dazu ein.<\/p>\n<p>Dies ist ihr Pflegeteam:<\/p>\n<p>Gesch\u00e4ftsinhaber: Oliver Dorow<\/p>\n<p>Pflegedienstleitung: Jessica Dorow<\/p>\n<p>Stellvertretende Pflegedienstleitung:<\/p>\n<p>Oliver Dorow:<br \/>\nGeboren bin ich am 11.11.1979 in der sch\u00f6nen Prignitz.<br \/>\nMeine Berufskariere startete als gelernter Metallbauer, welches ich sp\u00e4ter gegen den LKW-Fahrer einzutauschen vermochte und zurzeit befinde ich mich noch im Fernstudium zum BWL (=Betriebswirt) f\u00fcr Nichtkaufleute.<br \/>\nZu dem Entschluss einen Pflegedienst zu er\u00f6ffnen bin ich mit meiner Frau gekommen, weil ich meine Ideale verfolgen m\u00f6chte. Grade in der heutigen Zeit wo der Mensch nur als Nummer angesehen wird, m\u00f6chte ich den bed\u00fcrftigen Menschen zeigen, dass es noch Leute gibt die den ganzen Menschen in seiner Form sehen und nicht nur in seiner Geldb\u00f6rse finden. Ich finde es tragisch was und wie der oft alte und kranke Mensch so abgestempelt wird und m\u00f6chte genau das \u00e4ndern, darum der Entschluss zur Neugr\u00fcndung eines Pflegedienstes.<\/p>\n<p>Jessica Dorow, geb. Wiemer:<br \/>\nGeboren bin ich am 07.11.1982 im Heimathafen Hamburg.<br \/>\nIch habe mein beruflichen Werdegang wie folgt eingeschlagen und sie nie bereut, da ich so viel, wie f\u00fcr mich m\u00f6glich in der Pflege \u00e4ndern und erreichen m\u00f6chte! Mir hat es immer gefallen mit Menschen zusammen zu arbeiten, welches sich in der fr\u00fchen Schulzeit, in Form von Praktika schon zeigte. Heute habe ich seit dem meine examinierte Altenpflegerin, wie auch meine Qualifizierung zur Pflegedienstleiterin absolviert, ebenso bin ich Qualit\u00e4tsbeauftragte in der ambulanten Pflege und Wundexpertin nach dem ICW e.V.<br \/>\nIch habe mich aus denselben Gr\u00fcnden dazu entschlossen einen Pflegedienst mit aufzubauen, wie mein Ehemann schon oben erw\u00e4hnte und weil ich finde das jeder der zu uns kommt und uns sein Vertrauen schenkt, es Wert ist das man ihn so behandelt, wie wir selbst auch behandelt werden wollen w\u00fcrden!<\/p>\n<p>Wir hoffen Sie k\u00f6nnen unsere Motive verstehen und sehen unser Engagement nachvollziehen.<\/p>\n<p style=\"text-align: center;\"><img loading=\"lazy\" width=\"225\" height=\"300\" class=\"alignnone size-medium wp-image-11\" alt=\"\" src=\"https:\/\/jessys-pflegedienst.de\/wp-content\/uploads\/2018\/03\/1412419846687-225x300.jpg\" srcset=\"https:\/\/jessys-pflegedienst.de\/wp-content\/uploads\/2018\/03\/1412419846687-225x300.jpg 225w, https:\/\/jessys-pflegedienst.de\/wp-content\/uploads\/2018\/03\/1412419846687.jpg 306w\" sizes=\"(max-width: 225px) 100vw, 225px\" \/> <img loading=\"lazy\" width=\"169\" height=\"300\" class=\"alignnone size-medium wp-image-10\" alt=\"\" src=\"https:\/\/jessys-pflegedienst.de\/wp-content\/uploads\/2018\/03\/24337424_1999990643594343_759120370_n-169x300.jpg\" srcset=\"https:\/\/jessys-pflegedienst.de\/wp-content\/uploads\/2018\/03\/24337424_1999990643594343_759120370_n-169x300.jpg 169w, https:\/\/jessys-pflegedienst.de\/wp-content\/uploads\/2018\/03\/24337424_1999990643594343_759120370_n.jpg 280w\" sizes=\"(max-width: 169px) 100vw, 169px\" \/> <img loading=\"lazy\" width=\"208\" height=\"300\" class=\"alignnone size-medium wp-image-9\" alt=\"\" src=\"https:\/\/jessys-pflegedienst.de\/wp-content\/uploads\/2018\/03\/13695244_1751110605149016_1660274946_n-208x300.jpg\" srcset=\"https:\/\/jessys-pflegedienst.de\/wp-content\/uploads\/2018\/03\/13695244_1751110605149016_1660274946_n-208x300.jpg 208w, https:\/\/jessys-pflegedienst.de\/wp-content\/uploads\/2018\/03\/13695244_1751110605149016_1660274946_n-520x752.jpg 520w, https:\/\/jessys-pflegedienst.de\/wp-content\/uploads\/2018\/03\/13695244_1751110605149016_1660274946_n.jpg 664w\" sizes=\"(max-width: 208px) 100vw, 208px\" \/><\/p>\n","protected":false},"excerpt":{"rendered":"<p>Wir arbeiten eng mit unseren Kunden zusammen und stimmen unser Angebot individuell auf Ihre Bed\u00fcrfnisse ab. Unser examiniertes Fachpersonal dokumentiert dabei zuverl\u00e4ssig alle geplanten und durchgef\u00fchrten Pflegedienstleistungen und holt regelm\u00e4\u00dfig Ihre R\u00fcckmeldungen dazu ein. Dies ist ihr Pflegeteam: Gesch\u00e4ftsinhaber: Oliver Dorow Pflegedienstleitung: Jessica Dorow Stellvertretende Pflegedienstleitung: Oliver Dorow: Geboren bin [&hellip;]<\/p>\n","protected":false},"author":2,"featured_media":0,"parent":0,"menu_order":0,"comment_status":"closed","ping_status":"closed","template":"","meta":[],"_links":{"self":[{"href":"https:\/\/jessys-pflegedienst.de\/index.php?rest_route=\/wp\/v2\/pages\/8"}],"collection":[{"href":"https:\/\/jessys-pflegedienst.de\/index.php?rest_route=\/wp\/v2\/pages"}],"about":[{"href":"https:\/\/jessys-pflegedienst.de\/index.php?rest_route=\/wp\/v2\/types\/page"}],"author":[{"embeddable":true,"href":"https:\/\/jessys-pflegedienst.de\/index.php?rest_route=\/wp\/v2\/users\/2"}],"replies":[{"embeddable":true,"href":"https:\/\/jessys-pflegedienst.de\/index.php?rest_route=%2Fwp%2Fv2%2Fcomments&post=8"}],"version-history":[{"count":6,"href":"https:\/\/jessys-pflegedienst.de\/index.php?rest_route=\/wp\/v2\/pages\/8\/revisions"}],"predecessor-version":[{"id":169,"href":"https:\/\/jessys-pflegedienst.de\/index.php?rest_route=\/wp\/v2\/pages\/8\/revisions\/169"}],"wp:attachment":[{"href":"https:\/\/jessys-pflegedienst.de\/index.php?rest_route=%2Fwp%2Fv2%2Fmedia&parent=8"}],"curies":[{"name":"wp","href":"https:\/\/api.w.org\/{rel}","templated":true}]}}

Über Uns

<p>Wir arbeiten eng mit unseren Kunden zusammen und stimmen unser Angebot individuell auf Ihre Bedürfnisse ab.<br />
Unser examiniertes Fachpersonal dokumentiert dabei zuverlässig alle geplanten und durchgeführten Pflegedienstleistungen und holt regelmäßig Ihre Rückmeldungen dazu ein.</p>
<p>Dies ist ihr Pflegeteam:</p>
<p>Geschäftsinhaber: Oliver Dorow</p>
<p>Pflegedienstleitung: Jessica Dorow</p>
<p>Stellvertretende Pflegedienstleitung:</p>
<p>Oliver Dorow:<br />
Geboren bin ich am 11.11.1979 in der schönen Prignitz.<br />
Meine Berufskariere startete als gelernter Metallbauer, welches ich später gegen den LKW-Fahrer einzutauschen vermochte und zurzeit befinde ich mich noch im Fernstudium zum BWL (=Betriebswirt) für Nichtkaufleute.<br />
Zu dem Entschluss einen Pflegedienst zu eröffnen bin ich mit meiner Frau gekommen, weil ich meine Ideale verfolgen möchte. Grade in der heutigen Zeit wo der Mensch nur als Nummer angesehen wird, möchte ich den bedürftigen Menschen zeigen, dass es noch Leute gibt die den ganzen Menschen in seiner Form sehen und nicht nur in seiner Geldbörse finden. Ich finde es tragisch was und wie der oft alte und kranke Mensch so abgestempelt wird und möchte genau das ändern, darum der Entschluss zur Neugründung eines Pflegedienstes.</p>
<p>Jessica Dorow, geb. Wiemer:<br />
Geboren bin ich am 07.11.1982 im Heimathafen Hamburg.<br />
Ich habe mein beruflichen Werdegang wie folgt eingeschlagen und sie nie bereut, da ich so viel, wie für mich möglich in der Pflege ändern und erreichen möchte! Mir hat es immer gefallen mit Menschen zusammen zu arbeiten, welches sich in der frühen Schulzeit, in Form von Praktika schon zeigte. Heute habe ich seit dem meine examinierte Altenpflegerin, wie auch meine Qualifizierung zur Pflegedienstleiterin absolviert, ebenso bin ich Qualitätsbeauftragte in der ambulanten Pflege und Wundexpertin nach dem ICW e.V.<br />
Ich habe mich aus denselben Gründen dazu entschlossen einen Pflegedienst mit aufzubauen, wie mein Ehemann schon oben erwähnte und weil ich finde das jeder der zu uns kommt und uns sein Vertrauen schenkt, es Wert ist das man ihn so behandelt, wie wir selbst auch behandelt werden wollen würden!</p>
<p>Wir hoffen Sie können unsere Motive verstehen und sehen unser Engagement nachvollziehen.</p>
<p style="text-align: center;"><img loading="lazy" width="225" height="300" class="alignnone size-medium wp-image-11" alt="" src="https://jessys-pflegedienst.de/wp-content/uploads/2018/03/1412419846687-225x300.jpg" srcset="https://jessys-pflegedienst.de/wp-content/uploads/2018/03/1412419846687-225x300.jpg 225w, https://jessys-pflegedienst.de/wp-content/uploads/2018/03/1412419846687.jpg 306w" sizes="(max-width: 225px) 100vw, 225px" /> <img loading="lazy" width="169" height="300" class="alignnone size-medium wp-image-10" alt="" src="https://jessys-pflegedienst.de/wp-content/uploads/2018/03/24337424_1999990643594343_759120370_n-169x300.jpg" srcset="https://jessys-pflegedienst.de/wp-content/uploads/2018/03/24337424_1999990643594343_759120370_n-169x300.jpg 169w, https://jessys-pflegedienst.de/wp-content/uploads/2018/03/24337424_1999990643594343_759120370_n.jpg 280w" sizes="(max-width: 169px) 100vw, 169px" /> <img loading="lazy" width="208" height="300" class="alignnone size-medium wp-image-9" alt="" src="https://jessys-pflegedienst.de/wp-content/uploads/2018/03/13695244_1751110605149016_1660274946_n-208x300.jpg" srcset="https://jessys-pflegedienst.de/wp-content/uploads/2018/03/13695244_1751110605149016_1660274946_n-208x300.jpg 208w, https://jessys-pflegedienst.de/wp-content/uploads/2018/03/13695244_1751110605149016_1660274946_n-520x752.jpg 520w, https://jessys-pflegedienst.de/wp-content/uploads/2018/03/13695244_1751110605149016_1660274946_n.jpg 664w" sizes="(max-width: 208px) 100vw, 208px" /></p>

<p>Wir arbeiten eng mit unseren Kunden zusammen und stimmen unser Angebot individuell auf Ihre Bedürfnisse ab. Unser examiniertes Fachpersonal dokumentiert dabei zuverlässig alle geplanten und durchgeführten Pflegedienstleistungen und holt regelmäßig Ihre Rückmeldungen dazu ein. Dies ist ihr Pflegeteam: Geschäftsinhaber: Oliver Dorow Pflegedienstleitung: Jessica Dorow Stellvertretende Pflegedienstleitung: Oliver Dorow: Geboren bin [&hellip;]</p>
